{"id":832,"date":"2025-07-07T06:28:53","date_gmt":"2025-07-07T06:28:53","guid":{"rendered":"https:\/\/noviprojekat.gemmaxgradnja.com\/?page_id=832"},"modified":"2025-07-07T07:48:31","modified_gmt":"2025-07-07T07:48:31","slug":"nasi-zavrseni-projekti","status":"publish","type":"page","link":"https:\/\/noviprojekat.gemmaxgradnja.com\/index.php\/nasi-zavrseni-projekti\/","title":{"rendered":"Na\u0161i zavr\u0161eni projekti"},"content":{"rendered":"\t\t<div data-elementor-type=\"wp-page\" data-elementor-id=\"832\" class=\"elementor elementor-832\" data-elementor-post-type=\"page\">\n\t\t\t\t<div class=\"elementor-element elementor-element-39128bd e-flex e-con-boxed e-con e-parent\" data-id=\"39128bd\" data-element_type=\"container\" data-settings=\"{&quot;background_background&quot;:&quot;classic&quot;}\">\n\t\t\t\t\t<div class=\"e-con-inner\">\n\t\t\t\t<div class=\"elementor-element elementor-element-23eb263 elementor-widget elementor-widget-heading\" data-id=\"23eb263\" data-element_type=\"widget\" data-widget_type=\"heading.default\">\n\t\t\t\t<div class=\"elementor-widget-container\">\n\t\t\t\t\t<h2 class=\"elementor-heading-title elementor-size-default\">NA\u0160I ZAVR\u0160ENI PROJEKTI<\/h2>\t\t\t\t<\/div>\n\t\t\t\t<\/div>\n\t\t\t\t\t<\/div>\n\t\t\t\t<\/div>\n\t\t<div class=\"elementor-element elementor-element-3da142b e-flex e-con-boxed e-con e-parent\" data-id=\"3da142b\" data-element_type=\"container\">\n\t\t\t\t\t<div class=\"e-con-inner\">\n\t\t\t\t<div class=\"elementor-element elementor-element-8cc8dfc elementor-widget elementor-widget-heading\" data-id=\"8cc8dfc\" data-element_type=\"widget\" data-widget_type=\"heading.default\">\n\t\t\t\t<div class=\"elementor-widget-container\">\n\t\t\t\t\t<h2 class=\"elementor-heading-title elementor-size-default\">PRODATO<\/h2>\t\t\t\t<\/div>\n\t\t\t\t<\/div>\n\t\t\t\t<div class=\"elementor-element elementor-element-12d4950 elementor-widget-divider--view-line elementor-widget elementor-widget-divider\" data-id=\"12d4950\" data-element_type=\"widget\" data-widget_type=\"divider.default\">\n\t\t\t\t<div class=\"elementor-widget-container\">\n\t\t\t\t\t\t\t<div class=\"elementor-divider\">\n\t\t\t<span class=\"elementor-divider-separator\">\n\t\t\t\t\t\t<\/span>\n\t\t<\/div>\n\t\t\t\t\t\t<\/div>\n\t\t\t\t<\/div>\n\t\t\t\t<div class=\"elementor-element elementor-element-30eabdc elementor-widget elementor-widget-html\" data-id=\"30eabdc\" data-element_type=\"widget\" data-widget_type=\"html.default\">\n\t\t\t\t<div class=\"elementor-widget-container\">\n\t\t\t\t\t<div class=\"gemmax-projects-container\">\r\n  <!-- Project 1 -->\r\n  <div class=\"project-box\">\r\n    <div class=\"project-image\">\r\n      <img decoding=\"async\" src=\"https:\/\/noviprojekat.gemmaxgradnja.com\/wp-content\/uploads\/2025\/07\/patrijarha-carnojevica-br33-002-1.webp\" alt=\"Patrijarha \u010carnojevi\u0107a 33\">\r\n    <\/div>\r\n    <div class=\"project-content\">\r\n      <h3 class=\"project-title\">Patrijarha \u010carnojevi\u0107a 33<\/h3>\r\n      <p class=\"project-description\">Stambena zgrada se nalazi u starom jezgru Novog Sada na parceli 4170\/1 k.o. Novi Sad pripadaju\u0107i naselju Podbara.<\/p>\r\n    <\/div>\r\n    <div class=\"project-overlay\"><\/div>\r\n  <\/div>\r\n\r\n  <!-- Project 2 -->\r\n  <div class=\"project-box\">\r\n    <div class=\"project-image\">\r\n      <img decoding=\"async\" src=\"https:\/\/noviprojekat.gemmaxgradnja.com\/wp-content\/uploads\/2025\/07\/vojvode-knicanica-br3-020.webp\" alt=\"Vojvode Kni\u0107anina 3\">\r\n    <\/div>\r\n    <div class=\"project-content\">\r\n      <h3 class=\"project-title\">Vojvode Kni\u0107anina broj 3<\/h3>\r\n      <p class=\"project-description\">Stambena vila Vojvode Kni\u0107anina 3 nalazi se na elitnoj lokaciji naselja Grbavica, u\u0161u\u0161kana u mirnom i idili\u010dnom okru\u017eenju preko puta parka sa pogledom na drvorede.<\/p>\r\n    <\/div>\r\n    <div class=\"project-overlay\"><\/div>\r\n  <\/div>\r\n\r\n  <!-- Project 3 -->\r\n  <div class=\"project-box\">\r\n    <div class=\"project-image\">\r\n      <img decoding=\"async\" src=\"https:\/\/noviprojekat.gemmaxgradnja.com\/wp-content\/uploads\/2025\/07\/doza_djerdja_063-1.webp\" alt=\"Do\u017ea \u0110er\u0111a 61\">\r\n    <\/div>\r\n    <div class=\"project-content\">\r\n      <h3 class=\"project-title\">Do\u017ea \u0110er\u0111a broj 61<\/h3>\r\n      <p class=\"project-description\">Luksuzna zgrada sa sa najboljom opremom: italijanske plo\u010dice, Villeroy&Boch sanitarije, Hansgrohe slavine i tu\u0161evi, bojleri, Velux prozori, \u200b Inox ograde na terasama\u2026<\/p>\r\n    <\/div>\r\n    <div class=\"project-overlay\"><\/div>\r\n  <\/div>\r\n\r\n  <!-- Project 4 -->\r\n  <div class=\"project-box\">\r\n    <div class=\"project-image\">\r\n      <img decoding=\"async\" src=\"https:\/\/noviprojekat.gemmaxgradnja.com\/wp-content\/uploads\/2025\/07\/jug_bogdana_023_result.webp\" alt=\"Jug Bogdana 39\">\r\n    <\/div>\r\n    <div class=\"project-content\">\r\n      <h3 class=\"project-title\">Jug Bogdana 39<\/h3>\r\n      <p class=\"project-description\">Stambena zgrada se nalazi u starom jezgru Novog Sada na parceli 8490\/1 k.o. Novi Sad pripadaju\u0107i naselju Podbara<\/p>\r\n    <\/div>\r\n    <div class=\"project-overlay\"><\/div>\r\n  <\/div>\r\n\r\n  <!-- Project 5 -->\r\n  <div class=\"project-box\">\r\n    <div class=\"project-image\">\r\n      <img decoding=\"async\" src=\"https:\/\/noviprojekat.gemmaxgradnja.com\/wp-content\/uploads\/2025\/07\/djordja_rajkovica_005-1.webp\" alt=\"\u0110or\u0111a Rajkovi\u0107a 27\">\r\n    <\/div>\r\n    <div class=\"project-content\">\r\n      <h3 class=\"project-title\">\u0110or\u0111a Rajkovi\u0107a 27<\/h3>\r\n      <p class=\"project-description\">Stambena zgrada se nalazi u starom jezgru Novog Sada na parceli 8490\/1 k.o. Novi Sad pripadaju\u0107i naselju Podbara.<\/p>\r\n    <\/div>\r\n    <div class=\"project-overlay\"><\/div>\r\n  <\/div>\r\n\r\n  <!-- Project 6 -->\r\n  <div class=\"project-box\">\r\n    <div class=\"project-image\">\r\n      <img decoding=\"async\" src=\"https:\/\/noviprojekat.gemmaxgradnja.com\/wp-content\/uploads\/2025\/07\/bogoboja_atanackovica_001-1.jpg\" alt=\"Bogoboja Atanackovi\u0107a 14-16\">\r\n    <\/div>\r\n    <div class=\"project-content\">\r\n      <h3 class=\"project-title\">Bogoboja Atanackovi\u0107a 14-16<\/h3>\r\n      <p class=\"project-description\">Stambena zgrada se nalazi u delu grada koji se zove Banati\u0107.<\/p>\r\n    <\/div>\r\n    <div class=\"project-overlay\"><\/div>\r\n  <\/div>\r\n\r\n  <!-- Project 7 -->\r\n  <div class=\"project-box\">\r\n    <div class=\"project-image\">\r\n      <img decoding=\"async\" src=\"https:\/\/noviprojekat.gemmaxgradnja.com\/wp-content\/uploads\/2025\/07\/zorana_petrovica_001_result.webp\" alt=\"Dr. Zorana Petrovi\u0107a\">\r\n    <\/div>\r\n    <div class=\"project-content\">\r\n      <h3 class=\"project-title\">Dr. Zorana Petrovi\u0107a<\/h3>\r\n      <p class=\"project-description\">Dr. Zorana Petrovi\u0107a je na Grbavici u mirnoj ulici izme\u0111u Do\u017ea \u0110er\u0111a i Mi\u0161e Dimitrijevi\u0107a.<\/p>\r\n    <\/div>\r\n    <div class=\"project-overlay\"><\/div>\r\n  <\/div>\r\n\r\n  <!-- Project 8 -->\r\n  <div class=\"project-box\">\r\n    <div class=\"project-image\">\r\n      <img decoding=\"async\" src=\"https:\/\/noviprojekat.gemmaxgradnja.com\/wp-content\/uploads\/2025\/07\/anotona_cehova_001_result.webp\" alt=\"Antona \u010cehova 1\">\r\n    <\/div>\r\n    <div class=\"project-content\">\r\n      <h3 class=\"project-title\">Antona \u010cehova 1<\/h3>\r\n      <p class=\"project-description\">Antona \u010cehova 1 se nalazi preko puta spomenika kulture stare streljane, jodne banje, Futo\u0161kog parka i ko\u0161arka\u0161kih igrali\u0161ta u Novom Sadu.<\/p>\r\n    <\/div>\r\n    <div class=\"project-overlay\"><\/div>\r\n  <\/div>\r\n\r\n  <!-- Project 9 -->\r\n  <div class=\"project-box\">\r\n    <div class=\"project-image\">\r\n      <img decoding=\"async\" src=\"https:\/\/noviprojekat.gemmaxgradnja.com\/wp-content\/uploads\/2025\/07\/vojvode_knicanina_002-1_result.webp\" alt=\"Vojvode Kni\u0107anina\">\r\n    <\/div>\r\n    <div class=\"project-content\">\r\n      <h3 class=\"project-title\">Vojvode Kni\u0107anina<\/h3>\r\n      <p class=\"project-description\">Ovo je jedna od izuzetno mirnih lokacija u Novom Sadu i time je idealna za porodi\u010dni \u017eivot, a svi stanovi su prodati.<\/p>\r\n    <\/div>\r\n    <div class=\"project-overlay\"><\/div>\r\n  <\/div>\r\n\r\n  <!-- Project 10 -->\r\n  <div class=\"project-box\">\r\n    <div class=\"project-image\">\r\n      <img decoding=\"async\" src=\"https:\/\/noviprojekat.gemmaxgradnja.com\/wp-content\/uploads\/2025\/07\/cara_dusana_001_result.webp\" alt=\"Cara Du\u0161ana 63\">\r\n    <\/div>\r\n    <div class=\"project-content\">\r\n      <h3 class=\"project-title\">Cara Du\u0161ana 63<\/h3>\r\n      <p class=\"project-description\">Cara Du\u0161ana 63 je presti\u017ena lokacija u Novom Sadu koja se nalazi na granici izme\u0111u Grbavice, Jodne banje i Adamovi\u0107evog naselja u Novom Sadu.<\/p>\r\n    <\/div>\r\n    <div class=\"project-overlay\"><\/div>\r\n  <\/div>\r\n\r\n  <!-- Project 11 -->\r\n  <div class=\"project-box\">\r\n    <div class=\"project-image\">\r\n      <img decoding=\"async\" src=\"https:\/\/noviprojekat.gemmaxgradnja.com\/wp-content\/uploads\/2025\/07\/trg_komenskog_001_result.webp\" alt=\"Trg Komenskog 6\">\r\n    <\/div>\r\n    <div class=\"project-content\">\r\n      <h3 class=\"project-title\">Trg Komenskog 6<\/h3>\r\n      <p class=\"project-description\">U sklopu izgra\u0111ene presti\u017ene stambeno-poslovne nekretnine na Trgu Komenskog broj 6, stanari su u mogu\u0107nosti da koriste Fitness & Wellness Center \u02ddFIT-LIFE\u02dd \u2013 Novi Sad, koji se nalazi u prizemlju zgrade, i svi stanovi su prodati.<\/p>\r\n    <\/div>\r\n    <div class=\"project-overlay\"><\/div>\r\n  <\/div>\r\n<\/div>\r\n\r\n<style>\r\n.gemmax-projects-container {\r\n  display: grid;\r\n  grid-template-columns: repeat(auto-fit, minmax(300px, 1fr));\r\n  gap: 30px;\r\n  padding: 20px;\r\n  max-width: 1200px;\r\n  margin: 0 auto;\r\n  font-family: 'Roboto', sans-serif;\r\n}\r\n\r\n.project-box {\r\n  position: relative;\r\n  border-radius: 12px;\r\n  overflow: hidden;\r\n  box-shadow: 0 10px 20px rgba(0,0,0,0.15);\r\n  transition: transform 0.3s ease, box-shadow 0.3s ease;\r\n  background: #f8f8f8;\r\n  border: 1px solid #e0e0e0;\r\n}\r\n\r\n.project-box:hover {\r\n  transform: translateY(-10px);\r\n  box-shadow: 0 15px 30px rgba(0,0,0,0.2);\r\n}\r\n\r\n.project-image {\r\n  height: 250px;\r\n  overflow: hidden;\r\n}\r\n\r\n.project-image img {\r\n  width: 100%;\r\n  height: 100%;\r\n  object-fit: cover;\r\n  transition: transform 0.5s ease;\r\n}\r\n\r\n.project-box:hover .project-image img {\r\n  transform: scale(1.05);\r\n}\r\n\r\n.project-content {\r\n  padding: 25px;\r\n  position: relative;\r\n  z-index: 2;\r\n  background: white;\r\n}\r\n\r\n.project-title {\r\n  color: #333;\r\n  font-weight: 700;\r\n  font-size: 22px;\r\n  margin-bottom: 15px;\r\n  font-family: 'Roboto', sans-serif;\r\n}\r\n\r\n.project-description {\r\n  color: #666;\r\n  font-weight: 300;\r\n  font-size: 16px;\r\n  line-height: 1.6;\r\n  margin-bottom: 0;\r\n  font-family: 'Roboto', sans-serif;\r\n}\r\n\r\n.project-overlay {\r\n  position: absolute;\r\n  bottom: 0;\r\n  left: 0;\r\n  right: 0;\r\n  height: 5px;\r\n  background-color: #55a745;\r\n  transition: height 0.3s ease;\r\n}\r\n\r\n.project-box:hover .project-overlay {\r\n  height: 8px;\r\n}\r\n\r\n@media (max-width: 768px) {\r\n  .gemmax-projects-container {\r\n    grid-template-columns: 1fr;\r\n    gap: 20px;\r\n  }\r\n  \r\n  .project-image {\r\n    height: 200px;\r\n  }\r\n}\r\n<\/style>\t\t\t\t<\/div>\n\t\t\t\t<\/div>\n\t\t\t\t\t<\/div>\n\t\t\t\t<\/div>\n\t\t\t\t<\/div>\n\t\t","protected":false},"excerpt":{"rendered":"<p>NA\u0160I ZAVR\u0160ENI PROJEKTI PRODATO Patrijarha \u010carnojevi\u0107a 33 Stambena zgrada se nalazi u starom jezgru Novog Sada na parceli 4170\/1 k.o. Novi Sad pripadaju\u0107i naselju Podbara. Vojvode Kni\u0107anina broj 3 Stambena vila Vojvode Kni\u0107anina 3 nalazi se na elitnoj lokaciji naselja Grbavica, u\u0161u\u0161kana u mirnom i idili\u010dnom okru\u017eenju preko puta parka sa pogledom na drvorede. Do\u017ea [&hellip;]<\/p>\n","protected":false},"author":1,"featured_media":0,"parent":0,"menu_order":0,"comment_status":"closed","ping_status":"closed","template":"","meta":{"footnotes":""},"class_list":["post-832","page","type-page","status-publish","hentry"],"_links":{"self":[{"href":"https:\/\/noviprojekat.gemmaxgradnja.com\/index.php\/wp-json\/wp\/v2\/pages\/832","targetHints":{"allow":["GET"]}}],"collection":[{"href":"https:\/\/noviprojekat.gemmaxgradnja.com\/index.php\/wp-json\/wp\/v2\/pages"}],"about":[{"href":"https:\/\/noviprojekat.gemmaxgradnja.com\/index.php\/wp-json\/wp\/v2\/types\/page"}],"author":[{"embeddable":true,"href":"https:\/\/noviprojekat.gemmaxgradnja.com\/index.php\/wp-json\/wp\/v2\/users\/1"}],"replies":[{"embeddable":true,"href":"https:\/\/noviprojekat.gemmaxgradnja.com\/index.php\/wp-json\/wp\/v2\/comments?post=832"}],"version-history":[{"count":10,"href":"https:\/\/noviprojekat.gemmaxgradnja.com\/index.php\/wp-json\/wp\/v2\/pages\/832\/revisions"}],"predecessor-version":[{"id":863,"href":"https:\/\/noviprojekat.gemmaxgradnja.com\/index.php\/wp-json\/wp\/v2\/pages\/832\/revisions\/863"}],"wp:attachment":[{"href":"https:\/\/noviprojekat.gemmaxgradnja.com\/index.php\/wp-json\/wp\/v2\/media?parent=832"}],"curies":[{"name":"wp","href":"https:\/\/api.w.org\/{rel}","templated":true}]}}