{"id":198,"date":"2025-07-02T07:48:38","date_gmt":"2025-07-02T07:48:38","guid":{"rendered":"https:\/\/noviprojekat.gemmaxgradnja.com\/?page_id=198"},"modified":"2025-07-02T07:57:17","modified_gmt":"2025-07-02T07:57:17","slug":"proizvodnja","status":"publish","type":"page","link":"https:\/\/noviprojekat.gemmaxgradnja.com\/index.php\/proizvodnja\/","title":{"rendered":"Proizvodi"},"content":{"rendered":"\t\t<div data-elementor-type=\"wp-page\" data-elementor-id=\"198\" class=\"elementor elementor-198\" data-elementor-post-type=\"page\">\n\t\t\t\t<div class=\"elementor-element elementor-element-02e3543 e-flex e-con-boxed e-con e-parent\" data-id=\"02e3543\" data-element_type=\"container\" data-settings=\"{&quot;background_background&quot;:&quot;classic&quot;}\">\n\t\t\t\t\t<div class=\"e-con-inner\">\n\t\t\t\t<div class=\"elementor-element elementor-element-edd7a47 elementor-widget elementor-widget-heading\" data-id=\"edd7a47\" data-element_type=\"widget\" data-widget_type=\"heading.default\">\n\t\t\t\t<div class=\"elementor-widget-container\">\n\t\t\t\t\t<h2 class=\"elementor-heading-title elementor-size-default\">PROIZVODNJA I PRODAJA<\/h2>\t\t\t\t<\/div>\n\t\t\t\t<\/div>\n\t\t\t\t\t<\/div>\n\t\t\t\t<\/div>\n\t\t<div class=\"elementor-element elementor-element-5821154 e-flex e-con-boxed e-con e-parent\" data-id=\"5821154\" data-element_type=\"container\">\n\t\t\t\t\t<div class=\"e-con-inner\">\n\t\t\t\t<div class=\"elementor-element elementor-element-b7534e7 elementor-widget elementor-widget-html\" data-id=\"b7534e7\" data-element_type=\"widget\" data-widget_type=\"html.default\">\n\t\t\t\t<div class=\"elementor-widget-container\">\n\t\t\t\t\t<div style=\"font-family: 'Roboto', sans-serif; color: #333; line-height: 1.6; max-width: 1000px; margin: 0 auto;\">\r\n    <h2 style=\"font-weight: 800; color: #2c3e50; border-bottom: 2px solid #27ae60; padding-bottom: 5px; margin-bottom: 15px;\">SVE\u017d BETON:<\/h2>\r\n    <p>Betonska baza, kao sastavni deo Gemmax gradnje, nalazi se u Novom Sadu na putu prema naselju Rumenka (Banglade\u0161), u okviru na\u0161e deponije kamenih agregata. Uspostavljen je proces kompletnog upravljanja za proizvodnju i kontrolu sve\u017eeg betona i svrstava se u najsavremenije fabrike betona u Srbiji i Evropi, a kapacitet fabrike je od 100 do 120m\u00b3\/h betonske mase.<\/p>\r\n    <p>U sklopu fabrike betona nalazi se i savremena laboratorija za kontrolu ulaznih sirovina i ispitivanje o\u010dvrslog betona. Rad fabrike i laboratorije je pod nadzorom IMS. Gotov beton transportujemo u savremenim mikserima, 6 komada kapaciteta do 12m\u00b3, jednu mikser pumpu dohvata 25m, a posedujemo i betonske pumpe dohvata od 36m do 49m marke Cifa.<\/p>\r\n\r\n    <div style=\"margin: 30px 0; border-top: 1px dashed #27ae60;\"><\/div>\r\n\r\n    <h2 style=\"font-weight: 800; color: #2c3e50; border-bottom: 2px solid #27ae60; padding-bottom: 5px; margin-bottom: 15px;\">ASFALT:<\/h2>\r\n    <p>Asfaltna baza je sastavni deo Gemmax gradnje, kapaciteta 150t\/h proizvo\u0111a\u010da Aman, koja se nalazi u sastavu na\u0161e deponije i u mogu\u0107nosti da u svakom trenutku proizvede sve vrste asfalta (betumizirani, polimer, fiber, i bojeni asfalt).<\/p>\r\n    <p>Asfaltna baza je opremljena modernim softverskim upravljanjem i opremljena sa silosima bitumen 150t. Posedujemo i silos gotovog asfalta od 350t koji mo\u017ee da asfaltnu bazu dr\u017ei vru\u0107om do 8h.<\/p>\r\n    \r\n    <h3 style=\"font-weight: 700; color: #2c3e50; margin-top: 20px;\">Vrste:<\/h3>\r\n    <ul style=\"columns: 2; column-gap: 30px; list-style-type: none; padding-left: 0;\">\r\n        <li style=\"margin-bottom: 5px;\">\u2022 Asfalt beton: ab 4 k, ab 8 k, ab 11k, ab 16 k<\/li>\r\n        <li style=\"margin-bottom: 5px;\">\u2022 Bito nose\u0107i sloj: bns 22, bns 32,<\/li>\r\n        <li style=\"margin-bottom: 5px;\">\u2022 Bito nose\u0107i habaju\u0107i sloj: bnhs 16,<\/li>\r\n        <li style=\"margin-bottom: 5px;\">\u2022 Eruptivni safalt betoni: ab 8 s, ab 11 s, ab 16 s<\/li>\r\n        <li style=\"margin-bottom: 5px;\">\u2022 Eruptivni asfalt beton sa polimerima: AB 11 S sa PTB<\/li>\r\n        <li style=\"margin-bottom: 5px;\">\u2022 Asfalt u boji (crvena)<\/li>\r\n        <li style=\"margin-bottom: 5px;\">\u2022 Drena\u017eni asfalt<\/li>\r\n        <li style=\"margin-bottom: 5px;\">\u2022 SMA asfalt<\/li>\r\n    <\/ul>\r\n\r\n    <div style=\"margin: 30px 0; border-top: 1px dashed #27ae60;\"><\/div>\r\n\r\n    <h2 style=\"font-weight: 800; color: #2c3e50; border-bottom: 2px solid #27ae60; padding-bottom: 5px; margin-bottom: 15px;\">FRAKCIJA I TAMPONI<\/h2>\r\n    <p>U okviru kompleksa Gemmax gradnje nalazi se mobilno postrojenje Terex za sejanje kamenih frakcija, koja je u mogu\u0107nosti da proizvede kamene frakcije 0-4, 4-8, 8-11, 8-16 i 16-22. Posedujemo i drobilicu Wirthgen Kleemann za proizvodnju kamenih agregata 0-31.5mm, 0-63mm, 31.5-63mm i 50-150mm.<\/p>\r\n    <p>Kao proizvo\u0111a\u010d frakcije posedujemo svoj kamenolom u Likodri (kre\u010dnjak) i sa svojim transportom od kojih raspola\u017eemo 15 kamiona. U mogu\u0107nosti smo da isporu\u010dimo i do 3000t frakcije ili tampona. Posedujemo ateste o ispitivanju koje je uradio IMS Beograd. Mo\u017eemo se pohvaliti da imamo jedne od najboljih atesta u pogledu kvaliteta kamena i tampona. Uz na\u0161e frakcije za proizvodnju betona ostvaruje se u\u0161teda do 10% cementa zato \u0161to je u pitanju kre\u010dnjak.<\/p>\r\n    <p>Kontrola ulaznih sirovina, ispitivanje kamena, rad fabrike i laboratorije je pod nadzorom IMS Beograd.<\/p>\r\n<\/div>\t\t\t\t<\/div>\n\t\t\t\t<\/div>\n\t\t\t\t\t<\/div>\n\t\t\t\t<\/div>\n\t\t\t\t<\/div>\n\t\t","protected":false},"excerpt":{"rendered":"<p>PROIZVODNJA I PRODAJA SVE\u017d BETON: Betonska baza, kao sastavni deo Gemmax gradnje, nalazi se u Novom Sadu na putu prema naselju Rumenka (Banglade\u0161), u okviru na\u0161e deponije kamenih agregata. Uspostavljen je proces kompletnog upravljanja za proizvodnju i kontrolu sve\u017eeg betona i svrstava se u najsavremenije fabrike betona u Srbiji i Evropi, a kapacitet fabrike je [&hellip;]<\/p>\n","protected":false},"author":1,"featured_media":0,"parent":0,"menu_order":0,"comment_status":"closed","ping_status":"closed","template":"","meta":{"footnotes":""},"class_list":["post-198","page","type-page","status-publish","hentry"],"_links":{"self":[{"href":"https:\/\/noviprojekat.gemmaxgradnja.com\/index.php\/wp-json\/wp\/v2\/pages\/198","targetHints":{"allow":["GET"]}}],"collection":[{"href":"https:\/\/noviprojekat.gemmaxgradnja.com\/index.php\/wp-json\/wp\/v2\/pages"}],"about":[{"href":"https:\/\/noviprojekat.gemmaxgradnja.com\/index.php\/wp-json\/wp\/v2\/types\/page"}],"author":[{"embeddable":true,"href":"https:\/\/noviprojekat.gemmaxgradnja.com\/index.php\/wp-json\/wp\/v2\/users\/1"}],"replies":[{"embeddable":true,"href":"https:\/\/noviprojekat.gemmaxgradnja.com\/index.php\/wp-json\/wp\/v2\/comments?post=198"}],"version-history":[{"count":5,"href":"https:\/\/noviprojekat.gemmaxgradnja.com\/index.php\/wp-json\/wp\/v2\/pages\/198\/revisions"}],"predecessor-version":[{"id":204,"href":"https:\/\/noviprojekat.gemmaxgradnja.com\/index.php\/wp-json\/wp\/v2\/pages\/198\/revisions\/204"}],"wp:attachment":[{"href":"https:\/\/noviprojekat.gemmaxgradnja.com\/index.php\/wp-json\/wp\/v2\/media?parent=198"}],"curies":[{"name":"wp","href":"https:\/\/api.w.org\/{rel}","templated":true}]}}